{"id":56,"date":"2019-10-12T12:51:20","date_gmt":"2019-10-12T12:51:20","guid":{"rendered":"https:\/\/www.lapland.willaan.nl\/?page_id=56"},"modified":"2021-05-13T10:48:10","modified_gmt":"2021-05-13T10:48:10","slug":"dag-2","status":"publish","type":"page","link":"https:\/\/www.lapland.willaan.nl\/index.php\/dag-2\/","title":{"rendered":"Dag 1, 2"},"content":{"rendered":"<h1>Dag 1<\/h1>\n<p>Op tijd opstaan (1.15 &#8216;s nachts) om dan om 3:00 op schiphol te zijn en om 5:35 op te stijgen op weg naar Ittala.<\/p>\n<p>Daar in het hotel aangekomen rond 10:00, wat rondgewandeld en gelunched.<\/p>\n<div id=\"maxgallery-322\" class=\"mg-image-tiles round-edge\">\t<div class=\"mg-thumbs mg-fourcol\">\t\t<ul><li>\t<a class='lightbox-322' href='https:\/\/www.lapland.willaan.nl\/wp-content\/uploads\/2020\/Dag1\/Portrait\/20200308_085427816_iOS.jpg'  title='' aria-haspopup='dialog' data-lightbox-gallery='gallery-322' >\t\t<div class=\"\"><img class=\"\" src=\"https:\/\/www.lapland.willaan.nl\/wp-content\/uploads\/2020\/Dag1\/Portrait\/20200308_085427816_iOS-250x375.jpg\" width=\"250\" height=\"375\" alt=\"20200308 085427816 iOS\"  \/>\t\t<\/div>\t<\/a><\/li><li>\t<a class='lightbox-322' href='https:\/\/www.lapland.willaan.nl\/wp-content\/uploads\/2020\/Dag1\/Portrait\/NLA_1637.jpg'  title='' aria-haspopup='dialog' data-lightbox-gallery='gallery-322' >\t\t<div class=\"\"><img class=\"\" src=\"https:\/\/www.lapland.willaan.nl\/wp-content\/uploads\/2020\/Dag1\/Portrait\/NLA_1637-250x375.jpg\" width=\"250\" height=\"375\" alt=\"NLA 1637\"  \/>\t\t<\/div>\t<\/a><\/li><li>\t<a class='lightbox-322' href='https:\/\/www.lapland.willaan.nl\/wp-content\/uploads\/2020\/Dag1\/Portrait\/IMG_7355.jpg'  title='' aria-haspopup='dialog' data-lightbox-gallery='gallery-322' >\t\t<div class=\"\"><img class=\"\" src=\"https:\/\/www.lapland.willaan.nl\/wp-content\/uploads\/2020\/Dag1\/Portrait\/IMG_7355-250x375.jpg\" width=\"250\" height=\"375\" alt=\"IMG 7355\"  \/>\t\t<\/div>\t<\/a><\/li><li>\t<a class='lightbox-322' href='https:\/\/www.lapland.willaan.nl\/wp-content\/uploads\/2020\/Dag1\/Portrait\/NLA_1631.jpg'  title='' aria-haspopup='dialog' data-lightbox-gallery='gallery-322' >\t\t<div class=\"\"><img class=\"\" src=\"https:\/\/www.lapland.willaan.nl\/wp-content\/uploads\/2020\/Dag1\/Portrait\/NLA_1631-250x375.jpg\" width=\"250\" height=\"375\" alt=\"NLA 1631\"  \/>\t\t<\/div>\t<\/a><\/li>\t\t<\/ul>\t\t<div class=\"clear\"><\/div>\t<\/div>\t<span style=\"display: none;\" class=\"hidden-image-tiles-gallery-id\">322<\/span>\t<span style=\"display: none;\" class=\"hidden-lightbox-skin\"><\/span>\t<span style=\"display: none;\" class=\"hidden-lightbox-effect\"><\/span>\t<span style=\"display: none;\" class=\"hidden-lightbox-kb-nav\">false<\/span>\t<span style=\"display: none;\" class=\"hidden-lightbox-img-click-close\">false<\/span>\t<span style=\"display: none;\" class=\"hidden-lightbox-ol-click-close\">false<\/span>\t<span style=\"display: none;\" class=\"hidden-lightbox-close-tip-text\"><\/span>\t<span style=\"display: none;\" class=\"hidden-lightbox-next-tip-text\"><\/span>\t<span style=\"display: none;\" class=\"hidden-lightbox-prev-tip-text\"><\/span>\t<span style=\"display: none;\" class=\"hidden-lightbox-error-tip-text\"><\/span><\/div>\n<div id=\"maxgallery-321\" class=\"mg-image-tiles round-edge\">\t<div class=\"mg-thumbs mg-sixcol\">\t\t<ul><li>\t<a class='lightbox-321' href='https:\/\/www.lapland.willaan.nl\/wp-content\/uploads\/2020\/Dag1\/Landscape\/NLA_1640.jpg'  title='' aria-haspopup='dialog' data-lightbox-gallery='gallery-321' >\t\t<div class=\"\"><img class=\"\" src=\"https:\/\/www.lapland.willaan.nl\/wp-content\/uploads\/2020\/Dag1\/Landscape\/NLA_1640-180x120.jpg\" width=\"180\" height=\"120\" alt=\"NLA 1640\"  \/>\t\t<\/div>\t<\/a><\/li><li>\t<a class='lightbox-321' href='https:\/\/www.lapland.willaan.nl\/wp-content\/uploads\/2020\/Dag1\/Landscape\/IMG_7354.jpg'  title='' aria-haspopup='dialog' data-lightbox-gallery='gallery-321' >\t\t<div class=\"\"><img class=\"\" src=\"https:\/\/www.lapland.willaan.nl\/wp-content\/uploads\/2020\/Dag1\/Landscape\/IMG_7354-180x120.jpg\" width=\"180\" height=\"120\" alt=\"IMG 7354\"  \/>\t\t<\/div>\t<\/a><\/li><li>\t<a class='lightbox-321' href='https:\/\/www.lapland.willaan.nl\/wp-content\/uploads\/2020\/Dag1\/Landscape\/IMG_7353.jpg'  title='' aria-haspopup='dialog' data-lightbox-gallery='gallery-321' >\t\t<div class=\"\"><img class=\"\" src=\"https:\/\/www.lapland.willaan.nl\/wp-content\/uploads\/2020\/Dag1\/Landscape\/IMG_7353-180x120.jpg\" width=\"180\" height=\"120\" alt=\"IMG 7353\"  \/>\t\t<\/div>\t<\/a><\/li><li>\t<a class='lightbox-321' href='https:\/\/www.lapland.willaan.nl\/wp-content\/uploads\/2020\/Dag1\/Landscape\/IMG_7357.jpg'  title='' aria-haspopup='dialog' data-lightbox-gallery='gallery-321' >\t\t<div class=\"\"><img class=\"\" src=\"https:\/\/www.lapland.willaan.nl\/wp-content\/uploads\/2020\/Dag1\/Landscape\/IMG_7357-180x120.jpg\" width=\"180\" height=\"120\" alt=\"IMG 7357\"  \/>\t\t<\/div>\t<\/a><\/li><li>\t<a class='lightbox-321' href='https:\/\/www.lapland.willaan.nl\/wp-content\/uploads\/2020\/Dag1\/Landscape\/IMG_7356.jpg'  title='' aria-haspopup='dialog' data-lightbox-gallery='gallery-321' >\t\t<div class=\"\"><img class=\"\" src=\"https:\/\/www.lapland.willaan.nl\/wp-content\/uploads\/2020\/Dag1\/Landscape\/IMG_7356-180x120.jpg\" width=\"180\" height=\"120\" alt=\"IMG 7356\"  \/>\t\t<\/div>\t<\/a><\/li><li>\t<a class='lightbox-321' href='https:\/\/www.lapland.willaan.nl\/wp-content\/uploads\/2020\/Dag1\/Landscape\/NLA_1658.jpg'  title='' aria-haspopup='dialog' data-lightbox-gallery='gallery-321' >\t\t<div class=\"\"><img class=\"\" src=\"https:\/\/www.lapland.willaan.nl\/wp-content\/uploads\/2020\/Dag1\/Landscape\/NLA_1658-180x120.jpg\" width=\"180\" height=\"120\" alt=\"NLA 1658\"  \/>\t\t<\/div>\t<\/a><\/li><li>\t<a class='lightbox-321' href='https:\/\/www.lapland.willaan.nl\/wp-content\/uploads\/2020\/Dag1\/Landscape\/NLA_1642.jpg'  title='' aria-haspopup='dialog' data-lightbox-gallery='gallery-321' >\t\t<div class=\"\"><img class=\"\" src=\"https:\/\/www.lapland.willaan.nl\/wp-content\/uploads\/2020\/Dag1\/Landscape\/NLA_1642-180x120.jpg\" width=\"180\" height=\"120\" alt=\"NLA 1642\"  \/>\t\t<\/div>\t<\/a><\/li><li>\t<a class='lightbox-321' href='https:\/\/www.lapland.willaan.nl\/wp-content\/uploads\/2020\/Dag1\/Landscape\/NLA_1655.jpg'  title='' aria-haspopup='dialog' data-lightbox-gallery='gallery-321' >\t\t<div class=\"\"><img class=\"\" src=\"https:\/\/www.lapland.willaan.nl\/wp-content\/uploads\/2020\/Dag1\/Landscape\/NLA_1655-180x120.jpg\" width=\"180\" height=\"120\" alt=\"NLA 1655\"  \/>\t\t<\/div>\t<\/a><\/li><li>\t<a class='lightbox-321' href='https:\/\/www.lapland.willaan.nl\/wp-content\/uploads\/2020\/Dag1\/Landscape\/NLA_1643.jpg'  title='' aria-haspopup='dialog' data-lightbox-gallery='gallery-321' >\t\t<div class=\"\"><img class=\"\" src=\"https:\/\/www.lapland.willaan.nl\/wp-content\/uploads\/2020\/Dag1\/Landscape\/NLA_1643-180x120.jpg\" width=\"180\" height=\"120\" alt=\"NLA 1643\"  \/>\t\t<\/div>\t<\/a><\/li><li>\t<a class='lightbox-321' href='https:\/\/www.lapland.willaan.nl\/wp-content\/uploads\/2020\/Dag1\/Landscape\/NLA_1645.jpg'  title='' aria-haspopup='dialog' data-lightbox-gallery='gallery-321' >\t\t<div class=\"\"><img class=\"\" src=\"https:\/\/www.lapland.willaan.nl\/wp-content\/uploads\/2020\/Dag1\/Landscape\/NLA_1645-180x120.jpg\" width=\"180\" height=\"120\" alt=\"NLA 1645\"  \/>\t\t<\/div>\t<\/a><\/li><li>\t<a class='lightbox-321' href='https:\/\/www.lapland.willaan.nl\/wp-content\/uploads\/2020\/Dag1\/Landscape\/20200308_075150360_iOS.jpg'  title='' aria-haspopup='dialog' data-lightbox-gallery='gallery-321' >\t\t<div class=\"\"><img class=\"\" src=\"https:\/\/www.lapland.willaan.nl\/wp-content\/uploads\/2020\/Dag1\/Landscape\/20200308_075150360_iOS-180x120.jpg\" width=\"180\" height=\"120\" alt=\"20200308 075150360 iOS\"  \/>\t\t<\/div>\t<\/a><\/li><li>\t<a class='lightbox-321' href='https:\/\/www.lapland.willaan.nl\/wp-content\/uploads\/2020\/Dag1\/Landscape\/NLA_1648.jpg'  title='' aria-haspopup='dialog' data-lightbox-gallery='gallery-321' >\t\t<div class=\"\"><img class=\"\" src=\"https:\/\/www.lapland.willaan.nl\/wp-content\/uploads\/2020\/Dag1\/Landscape\/NLA_1648-180x120.jpg\" width=\"180\" height=\"120\" alt=\"NLA 1648\"  \/>\t\t<\/div>\t<\/a><\/li>\t\t<\/ul>\t\t<div class=\"clear\"><\/div>\t<\/div>\t<span style=\"display: none;\" class=\"hidden-image-tiles-gallery-id\">321<\/span>\t<span style=\"display: none;\" class=\"hidden-lightbox-skin\"><\/span>\t<span style=\"display: none;\" class=\"hidden-lightbox-effect\"><\/span>\t<span style=\"display: none;\" class=\"hidden-lightbox-kb-nav\">false<\/span>\t<span style=\"display: none;\" class=\"hidden-lightbox-img-click-close\">false<\/span>\t<span style=\"display: none;\" class=\"hidden-lightbox-ol-click-close\">false<\/span>\t<span style=\"display: none;\" class=\"hidden-lightbox-close-tip-text\"><\/span>\t<span style=\"display: none;\" class=\"hidden-lightbox-next-tip-text\"><\/span>\t<span style=\"display: none;\" class=\"hidden-lightbox-prev-tip-text\"><\/span>\t<span style=\"display: none;\" class=\"hidden-lightbox-error-tip-text\"><\/span><\/div>\n<p><div class='content-column one_third'><span style=\"color: #ffffff;\">&#8211;<\/span><\/div><div class='content-column one_third'><a href=\"https:\/\/www.lapland.willaan.nl\/wp-content\/uploads\/2020\/Dag1\/Landscape\/IMG_7375.jpg\"><img decoding=\"async\" loading=\"lazy\" class=\"wp-image-338 size-medium\"  src=\"https:\/\/www.lapland.willaan.nl\/wp-content\/uploads\/2020\/Dag1\/Landscape\/IMG_7375-300x225.jpg\" alt=\"IMG 7375\" width=\"300\" height=\"225\" srcset=\"https:\/\/www.lapland.willaan.nl\/wp-content\/uploads\/2020\/Dag1\/Landscape\/IMG_7375-300x225.jpg 300w, https:\/\/www.lapland.willaan.nl\/wp-content\/uploads\/2020\/Dag1\/Landscape\/IMG_7375-768x576.jpg 768w, https:\/\/www.lapland.willaan.nl\/wp-content\/uploads\/2020\/Dag1\/Landscape\/IMG_7375.jpg 1000w\" sizes=\"(max-width: 300px) 100vw, 300px\" \/><\/a><\/div><\/p>\n<p>&nbsp;<\/p>\n<div class='content-column one_third last_column'>&#8216;s Middags een kaartspelletje (uiteraard &#8216;pesten&#8217; \ud83d\ude42 ) en &#8216;s avonds op tijd naar bed vanwege de verloren nacht.<\/div><div class='clear_column'><\/div>\n<p>&nbsp;<\/p>\n<h1>Dag 2<\/h1>\n<p><img decoding=\"async\" loading=\"lazy\" class=\"alignnone wp-image-85 size-full\"  src=\"https:\/\/www.lapland.willaan.nl\/wp-content\/uploads\/2020\/Home\/HorLine.png\" alt=\"HorLine\" width=\"800\" height=\"4\" srcset=\"https:\/\/www.lapland.willaan.nl\/wp-content\/uploads\/2020\/Home\/HorLine.png 800w, https:\/\/www.lapland.willaan.nl\/wp-content\/uploads\/2020\/Home\/HorLine-300x2.png 300w, https:\/\/www.lapland.willaan.nl\/wp-content\/uploads\/2020\/Home\/HorLine-768x4.png 768w, https:\/\/www.lapland.willaan.nl\/wp-content\/uploads\/2020\/Home\/HorLine-600x4.png 600w, https:\/\/www.lapland.willaan.nl\/wp-content\/uploads\/2020\/Home\/HorLine-542x4.png 542w\" sizes=\"(max-width: 800px) 100vw, 800px\" \/><\/p>\n<h3>&#8216;s Morgens: Langlaufen<\/h3>\n<p>Voor het eerst van mijn leven gelanglauft, of, zoals iemand het onder woorden bracht, gelangsitst.<\/p>\n<div id=\"maxgallery-320\" class=\"mg-image-tiles round-edge\">\t<div class=\"mg-thumbs mg-twocol\">\t\t<ul><li>\t<a class='lightbox-320' href='https:\/\/www.lapland.willaan.nl\/wp-content\/uploads\/2020\/Dag2\/Landscape\/IMG_4464.jpg'  title='' aria-haspopup='dialog' data-lightbox-gallery='gallery-320' >\t\t<div class=\"\"><img class=\"\" src=\"https:\/\/www.lapland.willaan.nl\/wp-content\/uploads\/2020\/Dag2\/Landscape\/IMG_4464-550x366.jpg\" width=\"550\" height=\"366\" alt=\"IMG 4464\"  \/>\t\t<\/div>\t<\/a><\/li><li>\t<a class='lightbox-320' href='https:\/\/www.lapland.willaan.nl\/wp-content\/uploads\/2020\/Dag2\/Landscape\/20200309_103107520_iOS.jpg'  title='' aria-haspopup='dialog' data-lightbox-gallery='gallery-320' >\t\t<div class=\"\"><img class=\"\" src=\"https:\/\/www.lapland.willaan.nl\/wp-content\/uploads\/2020\/Dag2\/Landscape\/20200309_103107520_iOS-550x366.jpg\" width=\"550\" height=\"366\" alt=\"20200309 103107520 iOS\"  \/>\t\t<\/div>\t<\/a><\/li>\t\t<\/ul>\t\t<div class=\"clear\"><\/div>\t<\/div>\t<span style=\"display: none;\" class=\"hidden-image-tiles-gallery-id\">320<\/span>\t<span style=\"display: none;\" class=\"hidden-lightbox-skin\"><\/span>\t<span style=\"display: none;\" class=\"hidden-lightbox-effect\"><\/span>\t<span style=\"display: none;\" class=\"hidden-lightbox-kb-nav\">false<\/span>\t<span style=\"display: none;\" class=\"hidden-lightbox-img-click-close\">false<\/span>\t<span style=\"display: none;\" class=\"hidden-lightbox-ol-click-close\">false<\/span>\t<span style=\"display: none;\" class=\"hidden-lightbox-close-tip-text\"><\/span>\t<span style=\"display: none;\" class=\"hidden-lightbox-next-tip-text\"><\/span>\t<span style=\"display: none;\" class=\"hidden-lightbox-prev-tip-text\"><\/span>\t<span style=\"display: none;\" class=\"hidden-lightbox-error-tip-text\"><\/span><\/div>\n<div class='content-column one_half'><p>&nbsp;<\/p>\n<p>Twee keer een afstand van 1.3 km en alleen op de terugweg overeind gebleven.<\/div><div class='content-column one_half last_column'><p><iframe loading=\"lazy\"  width=\"731\" height=\"548\" src=\"https:\/\/www.youtube.com\/embed\/_jEzVLREjzU?feature=oembed&#038;wmode=transparent\" frameborder=\"0\" allow=\"accelerometer; autoplay; clipboard-write; encrypted-media; gyroscope; picture-in-picture\" allowfullscreen><\/iframe><\/p><\/div><div class='clear_column'><\/div><\/p>\n<hr \/>\n<h3>&#8216;s Middags: wandelen<\/h3>\n<p>Een wandeling van 3 kwartier naar het naburige meer. Hier wat leuke foto&#8217;s kunnen nemen.<\/p>\n<div id=\"maxgallery-319\" class=\"mg-image-tiles round-edge\">\t<div class=\"mg-thumbs mg-threecol\">\t\t<ul><li>\t<a class='lightbox-319' href='https:\/\/www.lapland.willaan.nl\/wp-content\/uploads\/2020\/Dag2\/Portrait\/IMG_7387.jpg'  title='' aria-haspopup='dialog' data-lightbox-gallery='gallery-319' >\t\t<div class=\"\"><img class=\"\" src=\"https:\/\/www.lapland.willaan.nl\/wp-content\/uploads\/2020\/Dag2\/Portrait\/IMG_7387-400x600.jpg\" width=\"400\" height=\"600\" alt=\"IMG 7387\"  \/>\t\t<\/div>\t<\/a><\/li><li>\t<a class='lightbox-319' href='https:\/\/www.lapland.willaan.nl\/wp-content\/uploads\/2020\/Dag2\/Portrait\/IMG_4847.jpg'  title='' aria-haspopup='dialog' data-lightbox-gallery='gallery-319' >\t\t<div class=\"\"><img class=\"\" src=\"https:\/\/www.lapland.willaan.nl\/wp-content\/uploads\/2020\/Dag2\/Portrait\/IMG_4847-400x600.jpg\" width=\"400\" height=\"600\" alt=\"IMG 4847\"  \/>\t\t<\/div>\t<\/a><\/li><li>\t<a class='lightbox-319' href='https:\/\/www.lapland.willaan.nl\/wp-content\/uploads\/2020\/Dag2\/Portrait\/20200309_141411395_iOS.jpg'  title='' aria-haspopup='dialog' data-lightbox-gallery='gallery-319' >\t\t<div class=\"\"><img class=\"\" src=\"https:\/\/www.lapland.willaan.nl\/wp-content\/uploads\/2020\/Dag2\/Portrait\/20200309_141411395_iOS-400x600.jpg\" width=\"400\" height=\"600\" alt=\"20200309 141411395 iOS\"  \/>\t\t<\/div>\t<\/a><\/li>\t\t<\/ul>\t\t<div class=\"clear\"><\/div>\t<\/div>\t<span style=\"display: none;\" class=\"hidden-image-tiles-gallery-id\">319<\/span>\t<span style=\"display: none;\" class=\"hidden-lightbox-skin\"><\/span>\t<span style=\"display: none;\" class=\"hidden-lightbox-effect\"><\/span>\t<span style=\"display: none;\" class=\"hidden-lightbox-kb-nav\">false<\/span>\t<span style=\"display: none;\" class=\"hidden-lightbox-img-click-close\">false<\/span>\t<span style=\"display: none;\" class=\"hidden-lightbox-ol-click-close\">false<\/span>\t<span style=\"display: none;\" class=\"hidden-lightbox-close-tip-text\"><\/span>\t<span style=\"display: none;\" class=\"hidden-lightbox-next-tip-text\"><\/span>\t<span style=\"display: none;\" class=\"hidden-lightbox-prev-tip-text\"><\/span>\t<span style=\"display: none;\" class=\"hidden-lightbox-error-tip-text\"><\/span><\/div>\n<div id=\"maxgallery-371\" class=\"mg-image-tiles round-edge\">\t<div class=\"mg-thumbs mg-fourcol\">\t\t<ul><li>\t<a class='lightbox-371' href='https:\/\/www.lapland.willaan.nl\/wp-content\/uploads\/2020\/Dag2\/Landscape\/IMG_7386.jpg'  title='' aria-haspopup='dialog' data-lightbox-gallery='gallery-371' >\t\t<div class=\"\"><img class=\"\" src=\"https:\/\/www.lapland.willaan.nl\/wp-content\/uploads\/2020\/Dag2\/Landscape\/IMG_7386-250x166.jpg\" width=\"250\" height=\"166\" alt=\"IMG 7386\"  \/>\t\t<\/div>\t<\/a><\/li><li>\t<a class='lightbox-371' href='https:\/\/www.lapland.willaan.nl\/wp-content\/uploads\/2020\/Dag2\/Landscape\/IMG_4845.jpg'  title='' aria-haspopup='dialog' data-lightbox-gallery='gallery-371' >\t\t<div class=\"\"><img class=\"\" src=\"https:\/\/www.lapland.willaan.nl\/wp-content\/uploads\/2020\/Dag2\/Landscape\/IMG_4845-250x166.jpg\" width=\"250\" height=\"166\" alt=\"IMG 4845\"  \/>\t\t<\/div>\t<\/a><\/li><li>\t<a class='lightbox-371' href='https:\/\/www.lapland.willaan.nl\/wp-content\/uploads\/2020\/Dag2\/Landscape\/20200309_141339575_iOS.jpg'  title='' aria-haspopup='dialog' data-lightbox-gallery='gallery-371' >\t\t<div class=\"\"><img class=\"\" src=\"https:\/\/www.lapland.willaan.nl\/wp-content\/uploads\/2020\/Dag2\/Landscape\/20200309_141339575_iOS-250x166.jpg\" width=\"250\" height=\"166\" alt=\"20200309 141339575 iOS\"  \/>\t\t<\/div>\t<\/a><\/li><li>\t<a class='lightbox-371' href='https:\/\/www.lapland.willaan.nl\/wp-content\/uploads\/2020\/Dag2\/Landscape\/IMG_7385.jpg'  title='' aria-haspopup='dialog' data-lightbox-gallery='gallery-371' >\t\t<div class=\"\"><img class=\"\" src=\"https:\/\/www.lapland.willaan.nl\/wp-content\/uploads\/2020\/Dag2\/Landscape\/IMG_7385-250x166.jpg\" width=\"250\" height=\"166\" alt=\"IMG 7385\"  \/>\t\t<\/div>\t<\/a><\/li>\t\t<\/ul>\t\t<div class=\"clear\"><\/div>\t<\/div>\t<span style=\"display: none;\" class=\"hidden-image-tiles-gallery-id\">371<\/span>\t<span style=\"display: none;\" class=\"hidden-lightbox-skin\"><\/span>\t<span style=\"display: none;\" class=\"hidden-lightbox-effect\"><\/span>\t<span style=\"display: none;\" class=\"hidden-lightbox-kb-nav\">false<\/span>\t<span style=\"display: none;\" class=\"hidden-lightbox-img-click-close\">false<\/span>\t<span style=\"display: none;\" class=\"hidden-lightbox-ol-click-close\">false<\/span>\t<span style=\"display: none;\" class=\"hidden-lightbox-close-tip-text\"><\/span>\t<span style=\"display: none;\" class=\"hidden-lightbox-next-tip-text\"><\/span>\t<span style=\"display: none;\" class=\"hidden-lightbox-prev-tip-text\"><\/span>\t<span style=\"display: none;\" class=\"hidden-lightbox-error-tip-text\"><\/span><\/div>\n<p>Terug met de taxi omdat de wandeling, n\u00e1 het langlaufen in de morgen, nogal vermoeiend bleek te zijn en we &#8216;s avonds \u00f3\u00f3k nog een wandeling van 2,5 uur voor de boeg zouden hebben.<\/p>\n<hr \/>\n<h3>Aurora Borealis:<\/h3>\n<p>Om 8 uur op weg naar het &#8216;Noorderlicht&#8217;, dwars door verse sneeuw lopen op speciale sneeuwschoenen. Tja, dat viel enigszins tegen. Hoewel het w\u00e9l helder weer en de kans 8% was, g\u00e9\u00e9n Noorderlicht.<\/p>\n<div id=\"maxgallery-377\" class=\"mg-image-tiles round-edge\">\t<div class=\"mg-thumbs mg-fourcol\">\t\t<ul><li>\t<a class='lightbox-377' href='https:\/\/www.lapland.willaan.nl\/wp-content\/uploads\/2020\/Dag2\/Portrait\/IMG_7429.jpg'  title='' aria-haspopup='dialog' data-lightbox-gallery='gallery-377' >\t\t<div class=\"\"><img class=\"\" src=\"https:\/\/www.lapland.willaan.nl\/wp-content\/uploads\/2020\/Dag2\/Portrait\/IMG_7429-250x375.jpg\" width=\"250\" height=\"375\" alt=\"IMG 7429\"  \/>\t\t<\/div>\t<\/a><\/li><li>\t<a class='lightbox-377' href='https:\/\/www.lapland.willaan.nl\/wp-content\/uploads\/2020\/Dag2\/Portrait\/IMG_7431.jpg'  title='' aria-haspopup='dialog' data-lightbox-gallery='gallery-377' >\t\t<div class=\"\"><img class=\"\" src=\"https:\/\/www.lapland.willaan.nl\/wp-content\/uploads\/2020\/Dag2\/Portrait\/IMG_7431-250x375.jpg\" width=\"250\" height=\"375\" alt=\"IMG 7431\"  \/>\t\t<\/div>\t<\/a><\/li><li>\t<a class='lightbox-377' href='https:\/\/www.lapland.willaan.nl\/wp-content\/uploads\/2020\/Dag2\/Portrait\/IMG_7412.jpg'  title='' aria-haspopup='dialog' data-lightbox-gallery='gallery-377' >\t\t<div class=\"\"><img class=\"\" src=\"https:\/\/www.lapland.willaan.nl\/wp-content\/uploads\/2020\/Dag2\/Portrait\/IMG_7412-250x375.jpg\" width=\"250\" height=\"375\" alt=\"IMG 7412\"  \/>\t\t<\/div>\t<\/a><\/li><li>\t<a class='lightbox-377' href='https:\/\/www.lapland.willaan.nl\/wp-content\/uploads\/2020\/Dag2\/Portrait\/IMG_7430.jpg'  title='' aria-haspopup='dialog' data-lightbox-gallery='gallery-377' >\t\t<div class=\"\"><img class=\"\" src=\"https:\/\/www.lapland.willaan.nl\/wp-content\/uploads\/2020\/Dag2\/Portrait\/IMG_7430-250x375.jpg\" width=\"250\" height=\"375\" alt=\"IMG 7430\"  \/>\t\t<\/div>\t<\/a><\/li>\t\t<\/ul>\t\t<div class=\"clear\"><\/div>\t<\/div>\t<span style=\"display: none;\" class=\"hidden-image-tiles-gallery-id\">377<\/span>\t<span style=\"display: none;\" class=\"hidden-lightbox-skin\"><\/span>\t<span style=\"display: none;\" class=\"hidden-lightbox-effect\"><\/span>\t<span style=\"display: none;\" class=\"hidden-lightbox-kb-nav\">false<\/span>\t<span style=\"display: none;\" class=\"hidden-lightbox-img-click-close\">false<\/span>\t<span style=\"display: none;\" class=\"hidden-lightbox-ol-click-close\">false<\/span>\t<span style=\"display: none;\" class=\"hidden-lightbox-close-tip-text\"><\/span>\t<span style=\"display: none;\" class=\"hidden-lightbox-next-tip-text\"><\/span>\t<span style=\"display: none;\" class=\"hidden-lightbox-prev-tip-text\"><\/span>\t<span style=\"display: none;\" class=\"hidden-lightbox-error-tip-text\"><\/span><\/div>\n<div id=\"maxgallery-379\" class=\"mg-image-tiles round-edge\">\t<div class=\"mg-thumbs mg-threecol\">\t\t<ul><li>\t<a class='lightbox-379' href='https:\/\/www.lapland.willaan.nl\/wp-content\/uploads\/2020\/Dag2\/Landscape\/IMG_4578.jpg'  title='' aria-haspopup='dialog' data-lightbox-gallery='gallery-379' >\t\t<div class=\"\"><img class=\"\" src=\"https:\/\/www.lapland.willaan.nl\/wp-content\/uploads\/2020\/Dag2\/Landscape\/IMG_4578-400x266.jpg\" width=\"400\" height=\"266\" alt=\"IMG 4578\"  \/>\t\t<\/div>\t<\/a><\/li><li>\t<a class='lightbox-379' href='https:\/\/www.lapland.willaan.nl\/wp-content\/uploads\/2020\/Dag2\/Landscape\/IMG_4579.jpg'  title='' aria-haspopup='dialog' data-lightbox-gallery='gallery-379' >\t\t<div class=\"\"><img class=\"\" src=\"https:\/\/www.lapland.willaan.nl\/wp-content\/uploads\/2020\/Dag2\/Landscape\/IMG_4579-400x266.jpg\" width=\"400\" height=\"266\" alt=\"IMG 4579\"  \/>\t\t<\/div>\t<\/a><\/li><li>\t<a class='lightbox-379' href='https:\/\/www.lapland.willaan.nl\/wp-content\/uploads\/2020\/Dag2\/Landscape\/IMG_7410.jpg'  title='' aria-haspopup='dialog' data-lightbox-gallery='gallery-379' >\t\t<div class=\"\"><img class=\"\" src=\"https:\/\/www.lapland.willaan.nl\/wp-content\/uploads\/2020\/Dag2\/Landscape\/IMG_7410-400x266.jpg\" width=\"400\" height=\"266\" alt=\"IMG 7410\"  \/>\t\t<\/div>\t<\/a><\/li>\t\t<\/ul>\t\t<div class=\"clear\"><\/div>\t<\/div>\t<span style=\"display: none;\" class=\"hidden-image-tiles-gallery-id\">379<\/span>\t<span style=\"display: none;\" class=\"hidden-lightbox-skin\">none<\/span>\t<span style=\"display: none;\" class=\"hidden-lightbox-effect\">none<\/span>\t<span style=\"display: none;\" class=\"hidden-lightbox-kb-nav\">true<\/span>\t<span style=\"display: none;\" class=\"hidden-lightbox-img-click-close\">true<\/span>\t<span style=\"display: none;\" class=\"hidden-lightbox-ol-click-close\">true<\/span>\t<span style=\"display: none;\" class=\"hidden-lightbox-close-tip-text\">Close<\/span>\t<span style=\"display: none;\" class=\"hidden-lightbox-next-tip-text\">Next<\/span>\t<span style=\"display: none;\" class=\"hidden-lightbox-prev-tip-text\">Previous<\/span>\t<span style=\"display: none;\" class=\"hidden-lightbox-error-tip-text\">The requested content cannot be loaded. Please try again later.<\/span><\/div>\n<p>De wandeltocht was wel leuk, maar de gids had de cupjes vergeten waardoor we halverwege g\u00e9\u00e9n warme chocolademelk kregen. Dat werd goedgemaakt bij terugkomst in het hotel door hem daar te schenken \u00e9n een extra tegoedbon hiertoe.<\/p>\n","protected":false},"excerpt":{"rendered":"<p>Dag 1 Op tijd opstaan (1.15 &#8216;s nachts) om dan om 3:00 op schiphol te zijn en om 5:35 op te stijgen op weg naar Ittala. Daar in&#8230;<\/p>\n","protected":false},"author":1,"featured_media":0,"parent":0,"menu_order":0,"comment_status":"closed","ping_status":"closed","template":"","meta":[],"_links":{"self":[{"href":"https:\/\/www.lapland.willaan.nl\/index.php\/wp-json\/wp\/v2\/pages\/56"}],"collection":[{"href":"https:\/\/www.lapland.willaan.nl\/index.php\/wp-json\/wp\/v2\/pages"}],"about":[{"href":"https:\/\/www.lapland.willaan.nl\/index.php\/wp-json\/wp\/v2\/types\/page"}],"author":[{"embeddable":true,"href":"https:\/\/www.lapland.willaan.nl\/index.php\/wp-json\/wp\/v2\/users\/1"}],"replies":[{"embeddable":true,"href":"https:\/\/www.lapland.willaan.nl\/index.php\/wp-json\/wp\/v2\/comments?post=56"}],"version-history":[{"count":27,"href":"https:\/\/www.lapland.willaan.nl\/index.php\/wp-json\/wp\/v2\/pages\/56\/revisions"}],"predecessor-version":[{"id":725,"href":"https:\/\/www.lapland.willaan.nl\/index.php\/wp-json\/wp\/v2\/pages\/56\/revisions\/725"}],"wp:attachment":[{"href":"https:\/\/www.lapland.willaan.nl\/index.php\/wp-json\/wp\/v2\/media?parent=56"}],"curies":[{"name":"wp","href":"https:\/\/api.w.org\/{rel}","templated":true}]}}